{"id":18,"date":"2024-06-27T16:30:19","date_gmt":"2024-06-27T14:30:19","guid":{"rendered":"https:\/\/ptitben.be\/?page_id=18"},"modified":"2024-06-27T16:30:19","modified_gmt":"2024-06-27T14:30:19","slug":"a-propos","status":"publish","type":"page","link":"https:\/\/ptitben.be\/?page_id=18","title":{"rendered":"A propos"},"content":{"rendered":"\n<blockquote class=\"wp-block-quote is-layout-flow wp-block-quote-is-layout-flow\">\n<p>Bonjour&nbsp;! Bienvenue sur le site perso de p&rsquo;tit Ben. Ces pages sont auto-h\u00e9berg\u00e9es sur une petite machine que je configure petit \u00e0 petit pour plusieurs usages domestiques.<\/p>\n\n\n\n<p>Ce site n&rsquo;est pas destin\u00e9 \u00e0 \u00eatre r\u00e9guli\u00e8rement mis \u00e0 jour, mais peut-\u00eatre quelques articles pourront-ils fleurir avec le temps.<\/p>\n\n\n\n<p>Bonne navigation, prenez soin de vous !<\/p>\n<\/blockquote>\n","protected":false},"excerpt":{"rendered":"<p>Bonjour&nbsp;! Bienvenue sur le site perso de p&rsquo;tit Ben. Ces pages sont auto-h\u00e9berg\u00e9es sur une petite machine que je configure petit \u00e0 petit pour plusieurs usages domestiques. Ce site n&rsquo;est pas destin\u00e9 \u00e0 \u00eatre r\u00e9guli\u00e8rement mis \u00e0 jour, mais peut-\u00eatre quelques articles pourront-ils fleurir avec le temps. Bonne navigation, prenez soin de vous !<\/p>\n","protected":false},"author":1,"featured_media":0,"parent":0,"menu_order":0,"comment_status":"closed","ping_status":"closed","template":"","meta":{"footnotes":""},"class_list":["post-18","page","type-page","status-publish","hentry"],"_links":{"self":[{"href":"https:\/\/ptitben.be\/index.php?rest_route=\/wp\/v2\/pages\/18","targetHints":{"allow":["GET"]}}],"collection":[{"href":"https:\/\/ptitben.be\/index.php?rest_route=\/wp\/v2\/pages"}],"about":[{"href":"https:\/\/ptitben.be\/index.php?rest_route=\/wp\/v2\/types\/page"}],"author":[{"embeddable":true,"href":"https:\/\/ptitben.be\/index.php?rest_route=\/wp\/v2\/users\/1"}],"replies":[{"embeddable":true,"href":"https:\/\/ptitben.be\/index.php?rest_route=%2Fwp%2Fv2%2Fcomments&post=18"}],"version-history":[{"count":1,"href":"https:\/\/ptitben.be\/index.php?rest_route=\/wp\/v2\/pages\/18\/revisions"}],"predecessor-version":[{"id":19,"href":"https:\/\/ptitben.be\/index.php?rest_route=\/wp\/v2\/pages\/18\/revisions\/19"}],"wp:attachment":[{"href":"https:\/\/ptitben.be\/index.php?rest_route=%2Fwp%2Fv2%2Fmedia&parent=18"}],"curies":[{"name":"wp","href":"https:\/\/api.w.org\/{rel}","templated":true}]}}